the prime factors of g.
11, 89
Suppose -114*c + 2424245 = -1290673. List the prime factors of c.
32587
Suppose i + 3137 - 37686 = -3*q, 46084 = 4*q + 4*i. List the prime factors of q.
2, 3, 19, 101
Suppose -p - 3 = -2. Let u be (p - -1)/(1 - -1) - -173. Let f = 289 - u. What are the prime factors of f?
2, 29
Suppose -4*u + 729 = -c, -321 - 590 = -5*u + c. Let p be u/4 - (-18)/12. Let g = 98 - p. List the prime factors of g.
3, 17
Suppose 28454 = 3*k - 5*g, 4*k + 28*g = 25*g + 37929. List the prime factors of k.
3, 29, 109
Let d = -30424 + 56402. What are the prime factors of d?
2, 31, 419
What are the prime factors of ((-1 - -4) + (-255006)/(-54))/((-6)/(-9))?
2, 443
Let r = 470 + -468. Suppose -3*f - r*m = -277, 8*m = 12*m + 4. What are the prime factors of f?
3, 31
Let x = 2442 + -2352. Let a be (-1)/2*2*0. Suppose -p + 45 + x = a. List the prime factors of p.
3, 5
Let m(n) = n**2 + 11*n - 1. Suppose -9*r = -5*r - 24. Let l be m(r). Suppose -l + 3 = -p. List the prime factors of p.
2, 7
Let v(w) = -14510*w**3 - 10*w - 10. What are the prime factors of v(-1)?
2, 5, 1451
Suppose 63*q - 210228 = 26*q + 288717. What are the prime factors of q?
3, 5, 29, 31
Suppose 52*n - n - 27846 = 0. What are the prime factors of n?
2, 3, 7, 13
Suppose 63*t + 15 = 66*t. Let k = 363 - t. What are the prime factors of k?
2, 179
Let b = 145 - 477. Suppose 23*h = 45*h + 10*h - 17920. Let j = h + b. List the prime factors of j.
2, 3, 19
Suppose -3*w + 9 = -6. Suppose l = k + 2*l - 11, 0 = -3*k + w*l + 65. List the prime factors of k/10*672/9.
2, 7
Suppose y - 3*g - 4654 - 2976 = 0, 15210 = 2*y - 16*g. List the prime factors of y.
5, 11, 139
Suppose -13*w + 58077 + 74840 = 50614. What are the prime factors of w?
13, 487
Let p be (-2)/17 - 50412/(-204). Suppose -250*y + p*y = -3660. List the prime factors of y.
2, 5, 61
What are the prime factors of -938*(8 - (-51)/(-6))?
7, 67
Let x = -6752 + 4730. Let o = -1106 - x. What are the prime factors of o?
2, 229
Suppose -a + 0*r - 97 = 4*r, -5*r + 304 = -4*a. Let o = a - -385. Let c = -206 + o. What are the prime factors of c?
2, 7
Suppose 6516 = -5*z - 7*z. Let b = z + 896. What are the prime factors of b?
353
Let q be ((-8)/20 + (-27)/20)*-4. What are the prime factors of (4 - (-2 + q))*-50*5?
2, 5
Let b(j) be the first derivative of -j**2 - 8*j + 4. Let l be b(-6). Suppose -2*u = 4*h + 8, -3*u + 8*u = -l*h + 10. What are the prime factors of u?
2, 3
Let i be -1 + (2 - -3)*4. Let n(w) be the third derivative of -w**5/60 + 7*w**4/8 - 2*w**3 + 3*w**2 + 167*w. What are the prime factors of n(i)?
2, 13
Let w(l) = 153*l**2 - 104*l + 604. What are the prime factors of w(6)?
2, 7
Let y(j) be the third derivative of -37*j**5/60 - 9*j**2. Let z be y(1). Let v = -30 - z. What are the prime factors of v?
7
Suppose 2*u - 15 = -3*x, -2*x - 4*u + 3 = -5*x. Suppose -2*y + x*v + 456 = 0, 0 = -5*v - 0*v + 20. What are the prime factors of y?
2, 3, 13
Let z(p) = 16*p**2 + 2*p - 2. Let s(b) = -b - 5. Let j be s(-8). Suppose 5*h - 3*o + 19 = 0, -h - 11 = -0*h - j*o. List the prime factors of z(h).
2, 29
Let j = 282 + -33. Let f = j - 127. List the prime factors of f.
2, 61
Let n = 2525 + -1679. Suppose -11*j + 2*j + n = 0. List the prime factors of j.
2, 47
Suppose 15*c = 13*c + 10. Suppose 0*d - d = c*u + 43, u + 7 = -d. List the prime factors of -15*3/(u/5).
5
Let r(y) = -y**3 + 8*y**2 - 2*y - 9. Let x = 319 - 315. What are the prime factors of r(x)?
47
Let l(q) = 9*q**2 + 169*q + 1001. List the prime factors of l(-57).
37, 557
List the prime factors of -3040*-4*(-12)/(-48).
2, 5, 19
Let f(a) = a**2 - a + 1. Let h be f(2). Suppose 0 = 3*v - 0 + 6, m - 104 = -4*v. Suppose -h*l - l = -m. What are the prime factors of l?
2, 7
Let k be 10 + 202 + -1*2 + 5. Suppose -3*i = 291 + 138. Let w = k + i. List the prime factors of w.
2, 3
Let j = -16448 + 30436. List the prime factors of j.
2, 13, 269
Suppose -3*p + 894 = -2*f, -p + f + 2*f + 298 = 0. Let m be ((-35518)/531)/(5/(-45)). Let g = m - p. What are the prime factors of g?
2, 19
What are the prime factors of (22 - 198/5)*2/(4/(-205))?
2, 11, 41
Let j(x) = 341*x + 1154. List the prime factors of j(12).
2, 43, 61
Let w(h) = 222*h + 694. List the prime factors of w(27).
2, 11, 19
Suppose 107165 = 2*g - 3*n - 26350, 0 = -5*g - 2*n + 333778. List the prime factors of g.
2, 3, 5563
Suppose 2*b = -4, 12*b - 7*b = -v + 4893. Suppose 39*u = -v + 48622. List the prime factors of u.
19, 59
Let j(y) = 84*y - 125. Suppose 75*g = -2*k + 72*g + 17, 0 = -3*k + 3*g + 63. What are the prime factors of j(k)?
23, 53
List the prime factors of (4*(-4)/24)/(24/(-15588)).
433
Suppose 4*q = -4*h + 152 + 8, -5*h + 194 = 3*q. Let x = 35 - h. Let o(l) = -40*l + 4. What are the prime factors of o(x)?
2, 3, 7
Let a(g) be the second derivative of g**3/3 + 21*g**2/2 - 18*g. Let l be a(-10). What are the prime factors of 61/l - 3/((-18)/(-12))?
59
Let d(o) = -5240*o - 2000. What are the prime factors of d(-12)?
2, 5, 761
Suppose 23*y - 20*y = 18, 0 = 4*u + 16*y - 71172. What are the prime factors of u?
3, 5923
Suppose 303*j - 305*j - 5*p + 19935 = 0, 39837 = 4*j - p. What are the prime factors of j?
2, 3, 5, 83
Let s = 3257 + -212. List the prime factors of s.
3, 5, 7, 29
Let b(k) = 61*k + 59. Let o be b(-18). Let t = 1525 + o. List the prime factors of t.
2, 3
Let s(i) = 122*i - 21. Suppose -62 + 52 = -10*b. What are the prime factors of s(b)?
101
Let r(k) be the second derivative of 116*k**5/5 + 5*k**4/12 - 2*k**3/3 + 159*k. List the prime factors of r(1).
3, 5, 31
Let d(t) = -6*t + 50. Let p(r) = 3*r - 25. Let m(b) = -6*d(b) - 11*p(b). Let o be m(10). What are the prime factors of 0 + 0 + (-4 - (-415)/o)?
79
Suppose -16*w + 730 = -6*w. Let o = -12 + 22. Let q = w + o. List the prime factors of q.
83
Suppose -3*a = -0*a + 12, -4*a = n + 22. Let c be 5 - -1 - (8 + n). Suppose 5*r + c*p = 5*p + 9, -3*p + 11 = 4*r. List the prime factors of r.
2
Suppose 67*f - 129*f = -65*f + 166008. List the prime factors of f.
2, 6917
Let i be ((-15)/(-6)*-2)/(25/(-70)). Suppose v + 11*r - i*r + 10 = 0, -4*v + 40 = 4*r. List the prime factors of v.
5
Suppose 0 = -50*r + 769437 - 197887. List the prime factors of r.
7, 23, 71
Let j be 6/(-4)*(5 + -3) - 0. Let r(h) = -3*h**3 - h**2 + 5*h + 1. Let c be r(j). Suppose -u + c = -5. What are the prime factors of u?
3, 7
Let a = 23774 + 1730. List the prime factors of a.
2, 797
Let n = 24718 - 17332. What are the prime factors of n?
2, 3, 1231
Let o(j) = -102*j**3 - 17*j**2 + 6*j + 12. Let v(m) = 4 + m - 6*m**2 + m - 1123*m**3 + 1089*m**3. Let s(w) = -6*o(w) + 17*v(w). List the prime factors of s(2).
2, 3, 11
Let p(v) = 87*v**2 - 22*v - 88. Let x be p(-4). Let c = 2810 - x. List the prime factors of c.
2, 709
Let y(h) = 5020*h + 223. What are the prime factors of y(1)?
7, 107
Let z(k) = 5*k**2 - k - 12. Let w be z(-6). Suppose 153*a = 151*a + w. What are the prime factors of a?
3, 29
Let x = 148 - 143. Suppose 4*y + 3*v = x + 212, -2*y + 96 = 4*v. What are the prime factors of y?
2, 29
Let l(g) = 31*g - 8. Let h(m) be the third derivative of 61*m**4/24 - 17*m**3/6 + 6*m**2 + 2. Let z(d) = 6*h(d) - 13*l(d). What are the prime factors of z(-6)?
2, 7
Suppose 11*o = -5*p + 476622, 3*o + 41198 = p - 54090. List the prime factors of p.
191, 499
Suppose -8*n + 5357 = 3*n. Let g = 1117 - n. List the prime factors of g.
2, 3, 5, 7
Let c be (9/(-3))/(1 - (-3596)/(-3584)). Let t = 2268 - c. List the prime factors of t.
2, 7
Suppose -4*h + a + 24 + 0 = 0, 4*a = -5*h + 9. Suppose -17 = -h*d + 2*l - 5*l, -9 = -3*d - 3*l. Suppose -15*g + 473 = -d*g. What are the prime factors of g?
43
Let j = -23462 - -35009. List the prime factors of j.
3, 1283
Let b(j) = -4*j**3 + 19*j - 16. Let w(c) = 11*c**3 - 56*c + 47. Let z(y) = 8*b(y) + 3*w(y). Let n = 33 - 27. List the prime factors of z(n).
7, 19
Let u = 7069 - 3262. List the prime factors of u.
3, 47
What are the prime factors of 2/9*(37 + -22)*6555/2?
5, 19, 23
Suppose 28 = -2*h - h - 2*m, 5*h + 50 = -4*m. What are the prime factors of 30*((-1 + 22 - -2) + h)?
2, 3, 5, 17
Let g = -33 + 41. Suppose -2*b + g = 2*b, 4*b = 4*x - 688. Suppose 21*n + x = 22*n. What are the prime factors of n?
2, 3, 29
Let x(w) = 184*w**3 - 2*w - 4. Let g(z) = -183*z**3 + 3*z + 6. Let